h, -4*g + 2 = 6. Let p = 1358 - h. Is p composite?
True
Suppose 6*w + 6*w - 511332 = 0. Is w a composite number?
False
Let f(z) = 1579*z + 23. Let x(h) = 1. Let s(u) = -f(u) - 3*x(u). Is s(-7) a prime number?
True
Suppose -4*n - 5*n = -18. Suppose 0 = -5*s + 4*l + 649, -l - n*l + 384 = 3*s. Is s composite?
True
Suppose -9*g + 30928 + 23513 = 0. Is g prime?
False
Let f = 7 - 25. Let l be (-930)/(-54) - (-4)/f. Suppose 0 = -5*k + 4*p + 132 - l, -69 = -3*k - p. Is k prime?
True
Let i(a) = 21*a**2 + 24*a**2 + 3 + 18*a**2 - 3*a - 22*a**2. Is i(-3) composite?
True
Suppose -8 - 37 = 3*w. Let q = -10 - w. Suppose 4*n + 0*n - 894 = 2*h, -3*n + 664 = q*h. Is n prime?
True
Let d = 55 - 51. Suppose -4*f - 3*w = 2*w - 792, 3*f + 5*w = 589. Suppose d*n - f = 3*n. Is n a prime number?
False
Let t(x) = 739*x**2 + 7*x - 2. Let q be t(-3). Suppose 0 = 30*y - 34*y + q. Is y a prime number?
True
Suppose 0 = -24*w + 27*w + 9189. Let g = w + 5692. Is g a composite number?
True
Is ((-18)/39)/3 + 97155/39 a composite number?
True
Let i = -6052 + 15051. Is i a prime number?
True
Let f be ((-2)/4)/((-3)/18). Suppose 0 = 4*w - 8, f*x - w + 4*w = 1809. Suppose -5*j + 104 = -x. Is j composite?
True
Let t = 296 - 9. Is t composite?
True
Is (-20)/380 - 4408326/(-57) a composite number?
False
Let m(y) = -971*y + 429. Is m(-12) a prime number?
False
Let n = 21 + -25. Is 451 - (4 + n)/2 a prime number?
False
Suppose 3*s + 5*z - 1733 = 0, -2*s - 5*z = -717 - 445. Is s a composite number?
False
Suppose -10*t - 10 = -12*t. Let p(j) = j**3 + 10*j**2 + 8*j - 9. Let h be p(-9). Suppose -5*i + 2*i + t*b = -376, h = -b + 1. Is i prime?
True
Let w(h) = 4*h**2 + 6*h + 15. Let m be w(-9). Suppose -6*b - 87 = -m. Is b prime?
False
Suppose 6*z - 54 + 0 = 0. Suppose 3*j = z, 2*j = -3*d + 1925 + 2092. Is d composite?
True
Let n(d) = 4*d - 7. Let l be n(5). Let m(q) = 4*q - 1 - 5 + q**2 + 0. Is m(l) composite?
True
Suppose -v - 4*a = 4*v - 1928, 2*a = -5*v + 1934. Suppose -2*c - v = -4*c. Is c a composite number?
True
Suppose -3*f + 2283 = 468. Suppose 2649 - f = -4*z. Let b = -62 - z. Is b composite?
False
Suppose 2*m - 11 + 1 = 0. Let g = m + 2. Is (1 - g)*87/(-9) a prime number?
False
Let s = -83 + 129. Let q(u) = 12*u**3 + 3*u + 2. Let z be q(-1). Let d = z + s. Is d composite?
True
Suppose 2742 + 6444 = 3*m. Is m a prime number?
False
Let r = -53 - 28. Let j = r + 782. Is j composite?
False
Let x(z) = 6*z**3 + z**2 + 6. Let w be x(4). Suppose -3*a = -6*a. Suppose 0*y + 2*y + 2*k = w, a = 3*k - 12. Is y prime?
True
Suppose 2*n - 7*n = 5*s - 110, 0 = 5*s - 4*n - 92. Let f be -4*2/2*-1. Suppose -5*o + 5*j = -s, -2*o = -f*j - 16 + 4. Is o a composite number?
False
Suppose 0 = 4*f - 5*h - 9933, h + 2647 = 2*f - 2318. Is 1*(-2)/(-4)*f a prime number?
False
Is -2 - (-6469)/(8*4/352) composite?
True
Suppose t = 2*r + r + 49, 3*t + 2*r - 169 = 0. Suppose t = o - 167. Suppose -o - 194 = -5*g - i, -g - i = -84. Is g composite?
False
Suppose -8*y + 40 + 32 = 0. Let n(c) = 6*c**2 + 2*c - 13. Is n(y) composite?
False
Let a be (32/(-20))/((-32)/(-15) + -2). Let l(t) = 3*t**2 + 10*t - 17. Is l(a) composite?
True
Suppose 6*u = 3*u - 4*l + 33, l + 22 = 2*u. Suppose -u*f + 295 = -6*f. Is f*1*11/1 prime?
False
Suppose -4*q = -2*s - 31968, -5*q + 2*q - s = -23981. Is q a prime number?
True
Let v = 0 + 3. Suppose 3*m = -v + 15. Suppose 5*g + 2*i - 731 = -2*i, 5*g - 699 = m*i. Is g a composite number?
True
Let t(f) = -63*f + 9337. Is t(0) a prime number?
True
Suppose 6 = -x - 4*a - 2, -a = 3*x + 24. Let d be -6*x/(-6) - 1. Is 4170/54 + 2/d a prime number?
False
Let h = -33 - -47. Suppose h = -2*k + 5*v, 3*v = -5 + 17. Suppose q - 4*z + 616 = 5*q, z + 442 = k*q. Is q composite?
False
Let w = 10 - 6. Suppose f - w*f = 0. Suppose f = x + 2*x - 69. Is x a composite number?
False
Suppose -13*v + 9229 = -7918. Is v a composite number?
False
Suppose -4*i - 5*j = -15, 0*i - 5*j = 5*i - 15. Suppose i = 22*l - 23*l + 347. Suppose -4*t - 4*y = -l - 293, 0 = -4*t - 5*y + 637. Is t a composite number?
False
Let w(n) = -n**2 + 6*n + 3. Let o be w(6). Suppose -5*j + o*r = -4235 - 1495, -2*j = r - 2292. Suppose y - 7*y = -j. Is y a composite number?
False
Suppose 0 = -14*o + 3*o + 15191. Is o a prime number?
True
Suppose 5 + 7 = 2*v. Suppose v*g = 246 + 990. Is g a prime number?
False
Let b = -83 - -86. Suppose b*j - 5758 = -1363. Is j a composite number?
True
Let x(a) = a**2 - 9*a - 12. Let q be x(9). Let l be (q/10)/(8/(-20)). Suppose -l*t = -5*s - 448, -166 = -t - 2*s + 7*s. Is t composite?
True
Suppose -3*l + 8*l = 20. Suppose -8 = l*m - 0*m. Is m/(10/(-995)*1) a prime number?
True
Let n = 951 + -256. Suppose -11*t + 16*t = n. Is t composite?
False
Let x be (8/(-20))/((-1)/10). Suppose -3*a + 19 - x = 0. Suppose -4*h + 2*l + 566 = 0, -a*l + 124 = h - 2*l. Is h composite?
False
Let q be (-4)/30 - (-39136)/120. Let a be q*(12/(-8) - -1). Is a/3*(-9 - -6) a composite number?
False
Let g be ((-24)/15)/(-4)*5. Suppose 4*d = z - 79, -g*z - 3*d - d + 158 = 0. Is z prime?
True
Suppose 8 + 12 = -2*u. Let d(z) = 3*z + 24. Let i be d(u). Is (2/i)/(14/(-17514)) a composite number?
True
Let b = -12 + 5. Let c = 13 + b. Is ((-2)/c)/((-8)/168) prime?
True
Suppose -1460 = -18*w + 14*w. Is (w/20)/(2/88) composite?
True
Suppose 5*i = 21657 + 12568. Suppose -4*h - i + 421 = 0. Let n = -329 - h. Is n composite?
False
Suppose -122661 - 1177994 = -59*k. Is k composite?
True
Let i(b) = b**2 + 14*b + 35. Let z be i(-11). Suppose -5*r - 238 = 3*f - 698, -z*r = 2*f - 300. Is f composite?
True
Let x(w) = 2 + 9*w**2 - 6*w**2 + 2*w - 2*w**2. Let b be x(-2). Suppose f + f = -b*m + 1360, -2042 = -3*m - f. Is m prime?
False
Suppose 2*c = 2*k - 16522, -c + 6 = 4. Is k a prime number?
True
Suppose 0 = -264*i + 270*i - 67242. Is i composite?
True
Let w(g) = -9*g**3 + g**2 + 9*g + 6. Let y be w(-3). Suppose -5*a = -2*a - y. Is a prime?
False
Suppose -3*s - 2*w - 98497 + 237472 = 0, 0 = 4*w + 12. Is s prime?
True
Suppose b = 2*w - 9697, 6*w - 3*w - 14548 = 2*b. Is w prime?
False
Suppose 4*y = 1232 + 92. Is y a prime number?
True
Suppose -5*w - 2*c = -258741, -44*w = -48*w + 4*c + 207004. Is w prime?
True
Let a = -27747 + 127408. Is a a composite number?
False
Suppose j + 302 = 4*n, 4*n - 866 = -0*j + 3*j. Let s = 644 + j. Is s a prime number?
False
Let u = -32 - -36. Suppose 77 = d + 3*f, -u*f = -3*d + f + 217. Suppose -k - k = -d. Is k prime?
True
Let x = 11098 + 7849. Is x prime?
True
Suppose -4*p = 2*o - 12314, 4*o = 2*p + 1786 - 7948. Is p composite?
False
Let j(u) = 3 + 9*u + 7*u**3 - 2*u**3 + 2*u**2 - 15*u. Is j(4) a prime number?
True
Suppose -65*p + 402498 + 2089537 = 0. Is p prime?
False
Let d(y) be the third derivative of 2*y**2 + 0*y + 59/60*y**5 + 0 - 5/24*y**4 - 5/6*y**3. Is d(-3) prime?
True
Suppose -r + 32143 = -2*z, -8*z - 96426 = -3*r - 5*z. Is r prime?
True
Let o = 17956 + 103263. Is o a prime number?
False
Suppose 4*g + 2*g = 2064. Suppose 0 = -2*y + 314 + g. Is y prime?
False
Let i(j) = 2215*j - 86. Is i(9) a prime number?
False
Let s(l) = 4997*l**2 - 8*l - 7. Is s(-2) composite?
False
Suppose 0 = 54*v - 55*v + 14281. Is v a composite number?
False
Let c be -1*(184/1)/(-2). Suppose 0 = 4*s + 300 - 1376. Let r = s - c. Is r composite?
True
Let x be (-6)/21 + 78/(-21). Let i(s) = 26*s**2 + 3. Is i(x) prime?
True
Let s = 3575 - -2708. Is s composite?
True
Suppose -2*w + 3*q - 5 = 4*q, 4*w - q - 5 = 0. Suppose w*d = -10*d + 11170. Is d prime?
True
Suppose 2*v - 22 = -12. Suppose -5 = -2*a - v*i, 3*a = 2*i + 2*i + 19. Suppose 0*d - 5*d - a*n = -540, 210 = 2*d + 4*n. Is d prime?
False
Let u be 626/3 - (-2)/6. Suppose -u = c - 843. Is c a prime number?
False
Let d(l) = -l**3 - 9*l**2 - 4*l - 8. Let g be d(-7). Let x(f) = -11*f + 1. Let j be x(4). Let r = j - g. Is r composite?
True
Let t = -198 + 768. Suppose -5*l + 1585 = t. Is l a prime number?
False
Suppose 5*n + 4*i - 67 = 0, -2*i - 10 = -2*n + 2*i. Let d(u) = 63*u - 14. Is d(n) a prime number?
False
Suppose -5*j = -2*j - 81. Let z(d) = -9 + 17*d + j*d - 4. Is z(6) prime?
True
Let p be (6/(-7))/(3/21). Is ((-2038)/p + -5)/(4/6) a prime number?
False
Is -1 + 4/6 + (-27682)/(-3) a composite number?
False
Let t(u) = -2*u**2 + 0 + 9 + 9*u**2 - 7*u - 10. Is t(-6) a composite number?
False
Is